{"id":30,"date":"2022-09-09T10:32:04","date_gmt":"2022-09-09T08:32:04","guid":{"rendered":"http:\/\/dev.danphilibin.com\/wordpress\/?page_id=47"},"modified":"2026-01-04T10:02:32","modified_gmt":"2026-01-04T09:02:32","slug":"niveau-2","status":"publish","type":"page","link":"https:\/\/nantes-plongee.com\/index.php\/formations\/niveau-2\/","title":{"rendered":"Niveau 2"},"content":{"rendered":"<p><a href=\"http:\/\/127.0.0.1:4001\/wordpress\/wp-content\/uploads\/2008\/09\/open16.jpg\"><img loading=\"lazy\" decoding=\"async\" class=\"alignnone size-full wp-image-394 alignleft\" src=\"https:\/\/nantes-plongee.com\/wp-content\/uploads\/2017\/08\/open16.jpg\" alt=\"\" width=\"160\" height=\"106\" \/><\/a>Apr\u00e8s un minimum de 8 s\u00e9ances de formation en milieu naturel , votre niveau 2\u00a0 vous permettra de plonger en autonomie jusqu&rsquo;\u00e0 20 m\u00e8tres de profondeur et accompagn\u00e9 jusqu&rsquo;\u00e0 40 m\u00e8tres.<\/p>\n<p><span style=\"font-size: revert;\">Vous devez disposer du mat\u00e9riel n\u00e9cessaire aux contr\u00f4les et \u00e0 la gestion de vos param\u00e8tres de plong\u00e9e.<\/span><\/p>\n<p>Votre formation en cours particuliers est assur\u00e9e par un \u00e9ducateur sportif brevet\u00e9 d&rsquo;\u00e9tat.<br \/>\nLa fin de la formation sera atteinte lorsque le moniteur aura estim\u00e9 que le niveau requis est atteint et ce sans suppl\u00e9ment.<\/p>\n<p>Le certificat m\u00e9dical de non contre-indication \u00e0 la pratique de la plong\u00e9e sous-marine est obligatoire avant toute entr\u00e9e en formation.<\/p>\n<p>Forfait incluant l&rsquo;ensemble des frais administratifs et le pr\u00eat de mat\u00e9riel de base.<\/p>\n<p style=\"text-align: right;\"><span style=\"color: #3366ff;\">Tarif : 720 \u20ac\u00a0<\/span><\/p>\n<p><span style=\"text-decoration: underline;\">Assurance :<\/span><span style=\"font-size: small;\"> La pratique de la plong\u00e9e sous marine, vous oblige \u00e0 \u00eatre assur\u00e9 en Responsabilit\u00e9 Civile. Vous \u00eates ainsi couvert si vous portez atteinte \u00e0 un tiers (un autre plongeur) pendant votre activit\u00e9 de plong\u00e9e. Vos contrats d&rsquo;assurance en France (habitation et auto) vous couvrent en RC, mais cette garantie ne s&rsquo;applique pas toujours pour la pratique de la plong\u00e9e. Renseignez-vous aupr\u00e8s de votre assureur.<\/span><\/p>\n<p><span style=\"text-decoration: underline;\">R\u00e8glement et inscription<\/span>:<span style=\"font-size: small;\"> L&rsquo;inscription \u00e0 la formation est valid\u00e9e \u00e0 la r\u00e9ception du r\u00e8glement et du certificat m\u00e9dical. Si annulation 15 jours avant les dates convenues, remboursement de 50% de la formation, si annulation \u00e0 moins de 15 jours, aucun remboursement.<\/span><\/p>\n<p class=\"text\"><span style=\"color: #3366cc; font-family: Verdana; font-size: small;\"><b><u><br \/>\n<\/u><\/b><\/span><strong><span style=\"font-family: Verdana; font-size: xx-small;\"><br \/>\n<\/span><\/strong><\/p>\n","protected":false},"excerpt":{"rendered":"<p>Apr\u00e8s un minimum de 8 s\u00e9ances de formation en milieu naturel , votre niveau 2\u00a0 vous permettra de plonger en autonomie jusqu&rsquo;\u00e0 20 m\u00e8tres de profondeur et accompagn\u00e9 jusqu&rsquo;\u00e0 40 m\u00e8tres. Vous devez disposer du mat\u00e9riel n\u00e9cessaire aux contr\u00f4les et \u00e0 la gestion de vos param\u00e8tres de plong\u00e9e. Votre formation en cours particuliers est assur\u00e9e\u2026 <span class=\"read-more\"><a href=\"https:\/\/nantes-plongee.com\/index.php\/formations\/niveau-2\/\">Read More &raquo;<\/a><\/span><\/p>\n","protected":false},"author":1,"featured_media":0,"parent":26,"menu_order":3,"comment_status":"closed","ping_status":"closed","template":"","meta":{"footnotes":""},"class_list":["post-30","page","type-page","status-publish","hentry"],"_links":{"self":[{"href":"https:\/\/nantes-plongee.com\/index.php\/wp-json\/wp\/v2\/pages\/30","targetHints":{"allow":["GET"]}}],"collection":[{"href":"https:\/\/nantes-plongee.com\/index.php\/wp-json\/wp\/v2\/pages"}],"about":[{"href":"https:\/\/nantes-plongee.com\/index.php\/wp-json\/wp\/v2\/types\/page"}],"author":[{"embeddable":true,"href":"https:\/\/nantes-plongee.com\/index.php\/wp-json\/wp\/v2\/users\/1"}],"replies":[{"embeddable":true,"href":"https:\/\/nantes-plongee.com\/index.php\/wp-json\/wp\/v2\/comments?post=30"}],"version-history":[{"count":6,"href":"https:\/\/nantes-plongee.com\/index.php\/wp-json\/wp\/v2\/pages\/30\/revisions"}],"predecessor-version":[{"id":719,"href":"https:\/\/nantes-plongee.com\/index.php\/wp-json\/wp\/v2\/pages\/30\/revisions\/719"}],"up":[{"embeddable":true,"href":"https:\/\/nantes-plongee.com\/index.php\/wp-json\/wp\/v2\/pages\/26"}],"wp:attachment":[{"href":"https:\/\/nantes-plongee.com\/index.php\/wp-json\/wp\/v2\/media?parent=30"}],"curies":[{"name":"wp","href":"https:\/\/api.w.org\/{rel}","templated":true}]}}