{"id":22,"date":"2022-09-09T10:46:03","date_gmt":"2022-09-09T08:46:03","guid":{"rendered":"http:\/\/dev.danphilibin.com\/wordpress\/?page_id=39"},"modified":"2023-12-16T21:55:23","modified_gmt":"2023-12-16T20:55:23","slug":"partenaires","status":"publish","type":"page","link":"https:\/\/nantes-plongee.com\/index.php\/partenaires\/","title":{"rendered":"Partenaires"},"content":{"rendered":"<p style=\"text-align: left;\"><strong>\u00a0<img loading=\"lazy\" decoding=\"async\" class=\"size-medium wp-image-459 alignleft\" src=\"https:\/\/nantes-plongee.com\/wp-content\/uploads\/2008\/09\/opeps1-300x1841-300x184.jpg\" alt=\"\" width=\"300\" height=\"184\" \/>Partenaire formation\u00a0<\/strong>\u00a0privil\u00e9gi\u00e9 de <span style=\"color: #3366ff;\"><strong>Nantes Plong\u00e9e<\/strong><\/span> et\u00a0lieu de toutes vos immersions, la base de plong\u00e9e <strong>OPEPS<\/strong>\u00a0<a href=\"http:\/\/ducotederoussay.com\" target=\"_blank\" rel=\"noopener\">Du cot\u00e9 de Roussay<\/a> \u00e0 Roussay (49) est le site id\u00e9al pour apprendre \u00e0 plonger en toute s\u00e9curit\u00e9, mais \u00e9galement entretenir son niveau mais aussi progresser.<\/p>\n<p>Un partenariat renforc\u00e9 et une collaboration \u00e9troite nous permettent de r\u00e9pondre \u00e0 une demande croissante de formations\u00a0en cours particuliers, nous formons donc une \u00e9quipe investie pour r\u00e9pondre au mieux \u00e0 vos demandes et puis, nous partageons\u00a0une vision commune de ce petit monde de la plong\u00e9e et ceci facilite grandement notre collaboration.<\/p>\n<hr \/>\n<hr \/>\n","protected":false},"excerpt":{"rendered":"<p>\u00a0Partenaire formation\u00a0\u00a0privil\u00e9gi\u00e9 de Nantes Plong\u00e9e et\u00a0lieu de toutes vos immersions, la base de plong\u00e9e OPEPS\u00a0Du cot\u00e9 de Roussay \u00e0 Roussay (49) est le site id\u00e9al pour apprendre \u00e0 plonger en toute s\u00e9curit\u00e9, mais \u00e9galement entretenir son niveau mais aussi progresser. Un partenariat renforc\u00e9 et une collaboration \u00e9troite nous permettent de r\u00e9pondre \u00e0 une demande croissante\u2026 <span class=\"read-more\"><a href=\"https:\/\/nantes-plongee.com\/index.php\/partenaires\/\">Read More &raquo;<\/a><\/span><\/p>\n","protected":false},"author":1,"featured_media":0,"parent":0,"menu_order":1,"comment_status":"closed","ping_status":"open","template":"","meta":{"footnotes":""},"class_list":["post-22","page","type-page","status-publish","hentry"],"_links":{"self":[{"href":"https:\/\/nantes-plongee.com\/index.php\/wp-json\/wp\/v2\/pages\/22","targetHints":{"allow":["GET"]}}],"collection":[{"href":"https:\/\/nantes-plongee.com\/index.php\/wp-json\/wp\/v2\/pages"}],"about":[{"href":"https:\/\/nantes-plongee.com\/index.php\/wp-json\/wp\/v2\/types\/page"}],"author":[{"embeddable":true,"href":"https:\/\/nantes-plongee.com\/index.php\/wp-json\/wp\/v2\/users\/1"}],"replies":[{"embeddable":true,"href":"https:\/\/nantes-plongee.com\/index.php\/wp-json\/wp\/v2\/comments?post=22"}],"version-history":[{"count":8,"href":"https:\/\/nantes-plongee.com\/index.php\/wp-json\/wp\/v2\/pages\/22\/revisions"}],"predecessor-version":[{"id":648,"href":"https:\/\/nantes-plongee.com\/index.php\/wp-json\/wp\/v2\/pages\/22\/revisions\/648"}],"wp:attachment":[{"href":"https:\/\/nantes-plongee.com\/index.php\/wp-json\/wp\/v2\/media?parent=22"}],"curies":[{"name":"wp","href":"https:\/\/api.w.org\/{rel}","templated":true}]}}