{"id":18,"date":"2022-09-09T10:38:45","date_gmt":"2022-09-09T08:38:45","guid":{"rendered":"http:\/\/dev.danphilibin.com\/wordpress\/?page_id=34"},"modified":"2026-01-04T10:02:54","modified_gmt":"2026-01-04T09:02:54","slug":"open","status":"publish","type":"page","link":"https:\/\/nantes-plongee.com\/index.php\/formations\/open\/","title":{"rendered":"Open water PADI"},"content":{"rendered":"<p><a href=\"http:\/\/127.0.0.1:4001\/wordpress\/wp-content\/uploads\/2012\/10\/logo-padi5b15d6.jpg\"><img loading=\"lazy\" decoding=\"async\" class=\"alignnone size-full wp-image-406 alignleft\" src=\"https:\/\/nantes-plongee.com\/wp-content\/uploads\/2017\/08\/logo-padi5b15d6.jpg\" alt=\"\" width=\"112\" height=\"149\" \/><\/a>Cours particuliers sur rendez-vous<\/p>\n<p>Ce brevet vous permettra de plonger dans le monde entier jusqu&rsquo;\u00e0 la profondeur de 18 m. En France, vous serez consid\u00e9r\u00e9 comme un niveau 1, donc toujours encadr\u00e9 par un moniteur. Accessible \u00e0 partir de 12 ans (open water junior)<\/p>\n<p><span style=\"text-decoration: underline;\">Les cours pratiques:<\/span> Pendant ces s\u00e9ances planifi\u00e9es en milieu prot\u00e9g\u00e9 vous allez d\u00e9couvrir de nouvelles sensations et apprendre \u00e0 utiliser de votre \u00e9quipement afin d&rsquo;\u00e9voluer en toute s\u00e9curit\u00e9 en milieu naturel. Au cours de ces s\u00e9ances vous passerez les Modules 1 \u00e0 5 de votre formation Open Water.<\/p>\n<p><span style=\"text-decoration: underline;\">Les cours th\u00e9oriques<\/span>\u00a0se font en e-learning \u00e0 distance depuis votre ordinateur domestique.<\/p>\n<p><span style=\"text-decoration: underline;\">La d\u00e9livrance du brevet:<\/span>\u00a0Une fois votre th\u00e9orie valid\u00e9e, votre brevet OWD PADI vous sera d\u00e9livr\u00e9 ainsi que le niveau 1 fran\u00e7ais.<\/p>\n<p><span style=\"color: #3366ff;\">Tarif: 490 \u20ac<\/span> Forfait incluant le pr\u00eat de l&rsquo;\u00e9quipement complet.<br \/>\nPr\u00e9voyez le kit de formation e-learning \u00e0 <span style=\"color: #3366ff;\">160 \u20ac<\/span> (certification PADI comprise)<\/p>\n<p>Le certificat m\u00e9dical de non contre-indication \u00e0 la pratique de la plong\u00e9e sous-marine est obligatoire avant toute entr\u00e9e en formation.<\/p>\n<p><span style=\"text-decoration: underline;\">Assurance :<\/span><span style=\"font-size: small;\"> La pratique de la plong\u00e9e sous marine, vous oblige \u00e0 \u00eatre assur\u00e9 en Responsabilit\u00e9 Civile. Vous \u00eates ainsi couvert si vous portez atteinte \u00e0 un tiers (un autre plongeur) pendant votre activit\u00e9 de plong\u00e9e. Vos contrats d&rsquo;assurance en France (habitation et auto) vous couvrent en RC, mais cette garantie ne s&rsquo;applique pas toujours pour la pratique de la plong\u00e9e. Renseignez-vous aupr\u00e8s de votre assureur.<\/span><\/p>\n<p><span style=\"text-decoration: underline;\">R\u00e8glement et inscription<\/span>:<span style=\"font-size: small;\"> L&rsquo;inscription \u00e0 la formation est valid\u00e9e \u00e0 la r\u00e9ception du r\u00e8glement et du certificat m\u00e9dical. Si annulation 15 jours avant les dates convenues, remboursement de 50% de la formation, si annulation \u00e0 moins de 15 jours, aucun remboursement.<\/span><\/p>\n<form method=\"post\" id=\"cntctfrm_contact_form\" class=\"cntctfrm_contact_form cntctfrm_one_column cntctfrm_ltr cntctfrm_width_default\" action=\"\/index.php\/wp-json\/wp\/v2\/pages\/18#cntctfrm_contact_form\" enctype=\"multipart\/form-data\"><div id=\"cntctfrm_first_column\" class=\"cntctfrm_column\"><div class=\"cntctfrm_field_wrap cntctfrm_field_name_wrap\"namecontact><div class=\"cntctfrm_label cntctfrm_label_name\">\n\t\t\t\t\t\t\t\t\t<label for=\"cntctfrm_contact_name\">Nom: <span class=\"required\">*<\/span><\/label><\/div><div class=\"cntctfrm_input cntctfrm_input_name\">\n\t\t\t\t\t\t\t\t\t<input namecontact class=\"text\" type=\"text\" size=\"40\" pattern=\"^([\\p{L}\\p{M}]{2,}(\\s)*(\\p{L}+\\p{M}*-*){1,})|([\\p{L}\\p{M}]{3,})\" title=\"Veuillez saisir uniquement des lettres d'au moins 3 caract\u00e8res, les mots \u00e9tant s\u00e9par\u00e9s par des espaces\" value=\"\" name=\"cntctfrm_contact_name\" id=\"cntctfrm_contact_name\" \/><\/div><\/div><div class=\"cntctfrm_field_wrap cntctfrm_field_email_wrap\"email><div class=\"cntctfrm_label cntctfrm_label_email\">\n\t\t\t\t\t\t\t\t\t<label for=\"cntctfrm_contact_email\">Adresse e-mail: <span class=\"required\">*<\/span><\/label>\n\t\t\t\t\t\t\t\t<\/div><div class=\"cntctfrm_input cntctfrm_input_email\">\n\t\t\t\t\t\t\t\t\t<input email class=\"text\" type=\"email\" size=\"40\" value=\"\" name=\"cntctfrm_contact_email\" id=\"cntctfrm_contact_email\" \/><\/div><\/div><div class=\"cntctfrm_field_wrap cntctfrm_field_phone_wrap\"><div class=\"cntctfrm_label cntctfrm_label_phone\">\n\t\t\t\t\t\t\t\t\t\t<label for=\"cntctfrm_contact_phone\">T\u00e9l\u00e9phone:<\/label>\n\t\t\t\t\t\t\t\t\t<\/div><div class=\"cntctfrm_input cntctfrm_input_phone\">\n\t\t\t\t\t\t\t\t\t<input class=\"text\" type=\"text\" size=\"40\" value=\"\" pattern=\"[0-9]{6,}\" title=\"Veuillez saisir uniquement des chiffres d'au moins 6 caract\u00e8res\" name=\"cntctfrm_contact_phone\" id=\"cntctfrm_contact_phone\" \/><\/div><\/div><div class=\"cntctfrm_field_wrap cntctfrm_field_subject_wrap\"subject><div class=\"cntctfrm_label cntctfrm_label_subject\">\n\t\t\t\t\t\t\t\t\t<label for=\"cntctfrm_contact_subject\">Sujet: <span class=\"required\">*<\/span><\/label>\n\t\t\t\t\t\t\t\t<\/div><div class=\"cntctfrm_input cntctfrm_input_subject\">\n\t\t\t\t\t\t\t\t<input subject pattern=\"^([\\p{M}\\p{L}]{1,}(\\s\\p{M}*\\p{L}+-*)*){3,}\" title=\"Veuillez saisir uniquement des lettres d'au moins 3 caract\u00e8res, les mots \u00e9tant s\u00e9par\u00e9s par des espaces\" class=\"text\" type=\"text\" size=\"40\" value=\"\" name=\"cntctfrm_contact_subject\" id=\"cntctfrm_contact_subject\" \/><\/div><\/div><div class=\"cntctfrm_field_wrap cntctfrm_field_message_wrap\"message><div class=\"cntctfrm_label cntctfrm_label_message\">\n\t\t\t\t\t\t\t\t<label for=\"cntctfrm_contact_message\">Message: <span class=\"required\">*<\/span><\/label>\n\t\t\t\t\t\t\t<\/div><div class=\"cntctfrm_input cntctfrm_input_message\">\n\t\t\t\t\t\t\t\t<textarea message rows=\"5\" cols=\"30\"name=\"cntctfrm_contact_message\" id=\"cntctfrm_contact_message\"><\/textarea><\/div><\/div><div class=\"cntctfrm_field_wrap cntctfrm_field_attachment_wrap\"><div class=\"cntctfrm_label cntctfrm_label_attachment\">\n\t\t\t\t\t\t\t\t\t\t<label for=\"cntctfrm_contact_attachment\">Pi\u00e8ce jointe:<\/label>\n\t\t\t\t\t\t\t\t\t<\/div><div class=\"cntctfrm_input cntctfrm_input_attachment\"> \n\t\t\t\t\t\t\t\t\t\t<input type=\"file\" name=\"cntctfrm_contact_attachment\" id=\"cntctfrm_contact_attachment\" \/><\/div><\/div><\/div><div class=\"clear\"><\/div><div class=\"cntctfrm_submit_wrap\"><div id=\"cntctfrm_submit_first_column\" class=\"cntctfrm_column\"><div class=\"cntctfrm_input cntctfrm_input_submit\"><input type=\"hidden\" value=\"send\" name=\"cntctfrm_contact_action\">\n\t\t\t\t\t\t\t<input type=\"hidden\" value=\"default\" name=\"cntctfrm_language\">\n\t\t\t\t\t\t\t<input type=\"hidden\" value=\"1\" name=\"cntctfrm_form_submited\">\n\t\t\t\t\t\t\t<input type=\"hidden\" value=\"cntctfrm_options\" name=\"cntctfrm_options_name\">\n\t\t\t\t\t\t\t<input type=\"submit\" value=\"Envoyer\" class=\"cntctfrm_contact_submit\" \/>\n\t\t\t\t\t\t<\/div><\/div><div id=\"cntctfrm_submit_second_column\" class=\"cntctfrm_column\"><\/div><div class=\"clear\"><\/div>\n\t\t\t<\/div>\n\t\t\t<\/form>\n","protected":false},"excerpt":{"rendered":"<p>Cours particuliers sur rendez-vous Ce brevet vous permettra de plonger dans le monde entier jusqu&rsquo;\u00e0 la profondeur de 18 m. En France, vous serez consid\u00e9r\u00e9 comme un niveau 1, donc toujours encadr\u00e9 par un moniteur. Accessible \u00e0 partir de 12 ans (open water junior) Les cours pratiques: Pendant ces s\u00e9ances planifi\u00e9es en milieu prot\u00e9g\u00e9 vous\u2026 <span class=\"read-more\"><a href=\"https:\/\/nantes-plongee.com\/index.php\/formations\/open\/\">Read More &raquo;<\/a><\/span><\/p>\n","protected":false},"author":1,"featured_media":0,"parent":26,"menu_order":4,"comment_status":"closed","ping_status":"closed","template":"","meta":{"footnotes":""},"class_list":["post-18","page","type-page","status-publish","hentry"],"_links":{"self":[{"href":"https:\/\/nantes-plongee.com\/index.php\/wp-json\/wp\/v2\/pages\/18","targetHints":{"allow":["GET"]}}],"collection":[{"href":"https:\/\/nantes-plongee.com\/index.php\/wp-json\/wp\/v2\/pages"}],"about":[{"href":"https:\/\/nantes-plongee.com\/index.php\/wp-json\/wp\/v2\/types\/page"}],"author":[{"embeddable":true,"href":"https:\/\/nantes-plongee.com\/index.php\/wp-json\/wp\/v2\/users\/1"}],"replies":[{"embeddable":true,"href":"https:\/\/nantes-plongee.com\/index.php\/wp-json\/wp\/v2\/comments?post=18"}],"version-history":[{"count":8,"href":"https:\/\/nantes-plongee.com\/index.php\/wp-json\/wp\/v2\/pages\/18\/revisions"}],"predecessor-version":[{"id":720,"href":"https:\/\/nantes-plongee.com\/index.php\/wp-json\/wp\/v2\/pages\/18\/revisions\/720"}],"up":[{"embeddable":true,"href":"https:\/\/nantes-plongee.com\/index.php\/wp-json\/wp\/v2\/pages\/26"}],"wp:attachment":[{"href":"https:\/\/nantes-plongee.com\/index.php\/wp-json\/wp\/v2\/media?parent=18"}],"curies":[{"name":"wp","href":"https:\/\/api.w.org\/{rel}","templated":true}]}}